it of i?
8
Let c(a) = a**3 + 4*a**2 - a - 4. Let q be c(-4). Suppose -k + q*k = -10. What is the tens digit of k?
1
Let v = 20 - 15. Let d = v - -12. What is the units digit of d?
7
What is the tens digit of 715/13*(-1)/(-5)?
1
Let t(d) = -3*d + 0*d - 5*d. Let m(y) = -2*y**2 + y. Let k be m(1). What is the units digit of t(k)?
8
Suppose 4*p + 5*a = 434 + 263, 5*p = 5*a + 815. What is the hundreds digit of p?
1
Let n(y) = 3*y**2 - 2*y + 6. What is the tens digit of n(4)?
4
Suppose -j + u + 233 = 0, j - 217 = 6*u - u. What is the hundreds digit of j?
2
Suppose 12 = m - 3*r + 3, 2*m + 12 = -4*r. Suppose m*z - 78 = -3*z. What is the units digit of z?
6
Let t(u) = -u**3 - 2*u**2 - 3*u - 1. Let j be t(-2). Let c = 8 - j. Suppose -2*b - b - 8 = d, -c*d - 2*b = 3. What is the units digit of d?
1
Suppose -2*x = -4*x + 86. What is the units digit of x?
3
Suppose -4*w = -5*s + 4, 0 = -3*s + w + 3*w - 4. What is the units digit of 47/s - 3/(-12)?
2
What is the units digit of (-1 - (-3)/2)*16?
8
Let q be (-57)/11 - (-4)/22. Let o = -5 - q. Suppose 5 = -v, o*b - 2*b + v + 35 = 0. What is the tens digit of b?
1
Let r(p) = -5*p - 13. What is the tens digit of r(-9)?
3
Suppose -l - 69 = -3*p, -4*p - 4*l + 82 = -2*l. Suppose 2*d + 2 = -4*c + 8, p = 4*d - 2*c. Suppose 0*i + 85 = d*i. What is the units digit of i?
7
Suppose 28 + 13 = 2*g + 3*b, -4*g = -3*b - 127. Suppose 5*s - 4*s - 5*q = -g, -3*q = 5*s. Let r = s - -11. What is the units digit of r?
8
Let k(r) = r**2 + 7*r + 1. What is the units digit of k(-10)?
1
Suppose -3*c + 8*c - 20 = 0. Let i(q) = 4*q**2 - 6*q + 4. Let n be i(c). Suppose -4 = 5*k - n. What is the units digit of k?
8
Let z(q) be the third derivative of q**4/8 - q**3/2 - 4*q**2. Suppose 0 = r + 3*r - 8. What is the units digit of z(r)?
3
Let m = -1 + 6. Suppose 9 + 1 = m*f. Suppose f*a + 8 = -2*s + 36, -3*s = -3*a + 72. What is the units digit of a?
9
Suppose -3 + 11 = p. What is the units digit of ((-2)/4 - -1)*p?
4
Let y = 2 - 2. Suppose 2*z - 9 + 17 = y. What is the units digit of (-3 - (z - 0))*13?
3
Suppose 5*c = c + 124. What is the tens digit of c?
3
Let r = 29 - 29. Suppose 5*f + 51 - 296 = r. What is the units digit of f?
9
Suppose 20 = -a + 1. Let h = -9 - a. What is the units digit of h?
0
Suppose -2*l - 83 = -3*n, 7 + 13 = -5*l. What is the units digit of n?
5
Let t(p) = 5*p**3 - 2*p**2 - 2*p + 1. What is the tens digit of t(2)?
2
Suppose -3*v - v + 28 = 0. What is the tens digit of v + 1*(0 - -3)?
1
Suppose -5*k + 0*k + 5*q = -20, 2*k + q - 2 = 0. Suppose 0*h = 2*p + 2*h - 44, 4*p - 58 = k*h. What is the tens digit of p?
1
Suppose -7*f = 2*f - 63. What is the units digit of f?
7
Suppose 0*w = -y + 3*w + 57, 0 = 5*y + 4*w - 209. Suppose b - y = -4*b. What is the units digit of b?
9
Let p = -5 + -19. Let r = p + 48. What is the units digit of r?
4
Let l = 7 + 8. Let m = -8 + l. What is the units digit of m?
7
Let h be -2 + 5 - 2/1. Let p(w) = 6*w. What is the units digit of p(h)?
6
Suppose 8 + 52 = -5*l. Let a = 20 + l. What is the units digit of a?
8
Let y be -1 - 6*(-3)/6. Let h(q) = 3*q**2 - 2*q + 1. What is the units digit of h(y)?
9
Suppose 7*a = 1331 + 300. What is the tens digit of a?
3
Suppose 0 = r + 2*c - c - 2, 2*r - 2 = -c. Let f = 5 + r. Suppose f*u - 35 = -5*t, -2*t + 2*u = -u - 4. What is the units digit of t?
5
Suppose -2 = -x + p, -5*x + 0*p + p = -2. Let l(u) = -u**3 + 2*u**2 - u + 1. Let y be l(1). Let d = y + x. What is the units digit of d?
1
Suppose 148 = -p + 5*s + 506, 4*s = -8. What is the hundreds digit of p?
3
Suppose q = p + 43, -4*p = -q - 4*q + 211. What is the tens digit of q?
3
Suppose 3*a + 3*g = -81, g + 52 = 5*a + 169. Let x = 0 - a. What is the units digit of x?
4
Suppose 3*f = -4*x + 76, 4*x = f + 2*f - 44. Let i = -2 - -4. Suppose 6*q = i*q + f. What is the units digit of q?
5
Suppose -5*i = 4*a - 131, 47 + 17 = a - 5*i. What is the tens digit of a?
3
What is the units digit of (-10)/(-4)*392/14?
0
Suppose v - 6 = 2*x, 7 = -v - 5*x - 15. Let u = 2 + v. Suppose -5*n + u*n = -25. What is the units digit of n?
5
What is the tens digit of -2*(10/(-4))/5*13?
1
Suppose 5*q - 5*a = 40, q - 5 = -2*a - 0. Let k(t) = 2*t + 6. What is the tens digit of k(q)?
2
Let q = 15 - -2. What is the units digit of q?
7
Let z be (-2)/(-3)*(-1 + -2). Let u be 3/2 + z/(-4). Suppose t + u*t = 27. What is the units digit of t?
9
Suppose 4*b = -c + 2*c - 182, 3*c + 5*b = 631. What is the hundreds digit of c?
2
Let m(q) = q**2 - 8*q - 6. What is the units digit of m(13)?
9
Let d(n) = -n + 8. Let f be d(6). Suppose f*l = -l + 12. What is the units digit of l?
4
Let g = -82 - -115. What is the tens digit of g?
3
Let p(g) = 8*g + 1. Let c(z) = -8*z + 3. Let m(x) = 25*x - 8. Let v(d) = -11*c(d) - 4*m(d). Let k(t) = -7*p(t) - 5*v(t). What is the units digit of k(2)?
6
Suppose -m + 230 + 150 = 3*y, 257 = 2*y - 3*m. What is the tens digit of y?
2
What is the units digit of 3/5 + (-456)/(-15)?
1
Let u(n) = n**2 - 11*n + 7. What is the tens digit of u(-6)?
0
Let p be 1/5 - (-48)/10. Suppose -4*y + 51 = p*x - 0, -y - x = -13. What is the tens digit of y?
1
Suppose 3*j = -0*j + 102. What is the units digit of j?
4
Suppose -3*d - b + 9 = 0, -3*b - 9 = -5*d + 20. Suppose n + 69 = d*j, 5*j - 2*n + 0*n - 87 = 0. What is the tens digit of j?
1
Let q(y) = 3*y**2 + y - 2. What is the units digit of q(-2)?
8
Suppose 51 + 78 = 3*q. Suppose -u = -0*v - 3*v + 8, 4*u - q = -3*v. What is the units digit of u?
7
Let w = 174 + -103. What is the units digit of w?
1
What is the units digit of (16/(-6))/(-4) - 692/(-6)?
6
Let f be (-2 + 16/(-6))*-6. Suppose -5*s + 7 + f = 0. What is the units digit of s?
7
Let g = 7 - -22. What is the units digit of g?
9
Suppose 7*k - 3*k = 8. Suppose -31 = -k*q + 3. What is the units digit of q?
7
Let b(r) = -2*r - 7. Let n be b(-7). Suppose n*t = 2*t + 15. Suppose -t*g + 20 = 2*a, 2*a = a + 3*g + 19. What is the units digit of a?
3
Let n be (-10)/(-45) - (-88)/9. Let a be ((-6)/(-4))/(5/n). Let v = 10 - a. What is the units digit of v?
7
Let u(z) = -z**3 - 2*z**2 - 2*z. What is the units digit of u(-2)?
4
What is the units digit of (0 + -5)/(2/(-14))?
5
Let s(r) = r**3 + 6*r**2 - 1. What is the tens digit of s(-4)?
3
Suppose -5*j + 95 = -10. What is the tens digit of j?
2
Suppose -3*i - 4*u - 39 = -4*i, 0 = 3*i + 5*u - 134. What is the tens digit of i?
4
Suppose -4*n + 1033 = -a, -3*n + 2*n = 5*a - 253. What is the hundreds digit of n?
2
Let t be 2/10 - 567/(-15). Let f = t - 15. What is the units digit of f?
3
Let v(k) = -22*k - 1. Let r be v(-1). Let w = -5 + r. What is the tens digit of w?
1
Let m = -12 - -23. Let i = -5 + m. Suppose 2 = 4*q - i. What is the units digit of q?
2
Let y = -128 + 219. What is the tens digit of y?
9
Suppose 2*o - 15 = -o. Suppose o*r = 3*g - 47, 5*r - 38 = -5*g - 13. What is the units digit of g?
9
Let k(r) = r**3 - 5*r**2 + 8*r + 3. What is the units digit of k(8)?
9
What is the hundreds digit of -2*672/18*-3?
2
Suppose 0 = 2*q + 3*q + 5. Let k be (q/(-3))/(1/6). Let i = k - 1. What is the units digit of i?
1
Let f(y) = 23*y**2 + 2*y. What is the tens digit of f(-2)?
8
What is the units digit of (1 + -4)/(6 + 963/(-159))?
3
Let m(s) = 14 + 4*s**2 - 1 - 14*s + 0 - 3*s**2. What is the units digit of m(14)?
3
Let z = -89 + 124. Suppose 3*q - 28 = z. What is the units digit of q?
1
What is the hundreds digit of (10114/(-65) - 3/(-5))/(-1)?
1
Suppose 2 = i - 0*i. Suppose -a = 2*c - 4, 3*c - 9 = -2*a - i. What is the units digit of (-2)/(-4) - (-1)/a?
1
What is the units digit of 51 - (0 + 12/(-3))?
5
Let x be ((-6)/4)/((-4)/16). Let k be (-7 - 14)*(-2)/x. Suppose z = -0*z + k. What is the units digit of z?
7
Let r(l) = l**2 + 4*l. Let h be r(-8). Suppose -h - 16 = -2*g. What is the tens digit of g?
2
Let p(g) = 20*g - 44. What is the hundreds digit of p(11)?
1
Suppose 2*s + s = 60. Suppose 72 + s = 4*n. What is the tens digit of n?
2
Let c(a) = 1 + 3*a - 4*a**2 + 0*a - a. Let t(w) = 3*w**2 - w - 1. Let u(s) = -2*c(s) - 3*t(s). What is the units digit of u(0)?
1
Let i(t) = 2*t**3 + 12*t**2 - 6*t + 6. What is the tens digit of i(-6)?
4
What is the units digit of (-2)/((-24)/4492) + 2/3?
5
Suppose b = 4*n + 15, 4*b + 0*b - 3*n - 34 = 0. What is the units digit of (-12)/(-24) + b/2?
4
S